= 207 - 209. What is the tens digit of 6/r - (2 + -464)?
5
Let w(v) = 25*v**2 - 3*v + 21. Let k(l) = -13*l**2 + 2*l - 10. Let r(q) = -9*k(q) - 4*w(q). What is the tens digit of r(-3)?
7
Let s = 3295 - -5061. What is the units digit of s?
6
Let i(x) = 193*x + 3505. What is the hundreds digit of i(59)?
8
Let q be 0 - 4 - (-5)/(15/18). Suppose q*w - w - 3*z = 3, 7 = w + z. What is the tens digit of 75 + w/(-5)*(-10)/4?
7
Suppose -14*o = -13*o + 13. Let n(u) = 2*u + 31. Let v be n(o). Suppose 2*h = 3 - 9, 5*x - 205 = v*h. What is the units digit of x?
8
Let a = 664 + -242. Let d = 266 + a. What is the tens digit of d?
8
Suppose -5*c + c + 360 = 0. Suppose 16*a = 374 + c. What is the tens digit of a?
2
What is the units digit of (-6)/((-9)/(-108)*0 - 6/75147)?
7
Let v(y) = 421*y - 2500. What is the units digit of v(35)?
5
Let s(h) = 78*h**2 - 15*h + 36. Let u be s(6). Suppose 5*r = -4*r + u. What is the tens digit of r?
0
Let w be 3 - 5/((-574)/192 - -3). Let b = w - -1000. What is the tens digit of b?
2
Let f = 78903 - 52145. What is the hundreds digit of f?
7
Let b be 36/216 - (-35)/6. Let r = 571 + b. What is the tens digit of r?
7
Let c be 3 - ((-7459)/6 - 3/(-18)). Suppose -7*f + 11291 = c. What is the hundreds digit of f?
4
Suppose -581030 = -90*f - 104*f. What is the thousands digit of f?
2
What is the tens digit of 46 + (-5725)/125 - 932*(-137)/5?
3
Let f(v) = -v**2 - 56*v - 47. Let i(n) = -27*n + 6. Let p be i(1). What is the tens digit of f(p)?
8
Let q(i) = 8*i - 41. Let s be q(5). What is the tens digit of (-1023)/(-2) - (18/12 + s)?
1
Suppose -4*f + 447 + 149 = 0. Let y = 63 + f. What is the hundreds digit of y?
2
Let i(t) = 5*t**2 + t - 1. Let s = -19 + 20. Let u be i(s). Let m(h) = -h**3 + 6*h**2 + 6*h - 5. What is the units digit of m(u)?
0
Let k = 0 - -4. Suppose 4*b = k + 8. Suppose 0 = 3*u + b*z - 3, 0*u - 16 = -4*u - z. What is the units digit of u?
5
Suppose 0 = 4*z - q - 4, -12*q = -8*q - 16. Suppose -k + 584 = z*d - 222, 3*d + 4*k - 1219 = 0. What is the units digit of d?
1
Let m = -43 + 51. Suppose 52 = m*t - 12*t. Let n(k) = k**3 + 12*k**2 - 16*k + 5. What is the tens digit of n(t)?
4
Let f be (4605/(-9))/((-2)/(-6) + 0). Let m = f + 2218. What is the units digit of m?
3
Suppose d = 4*f + 2962 + 3633, -32929 = -5*d - 3*f. What is the tens digit of d?
8
Let g be (-1)/(-3) + (-105)/(-63). Suppose -g*u + 1230 = -r, 4*u + r + 98 = 2552. What is the tens digit of u?
1
Suppose -p = p - 22. Let v = p + -6. Suppose 4*j = -x + 146, v*x + j - 189 = 465. What is the units digit of x?
0
Let j(v) = -10*v + 71. Let q be j(5). What is the hundreds digit of 201*(182/q - 3)?
1
Suppose 982*u = 973*u + 189. Let h be (-4)/10 - (-17)/5. What is the tens digit of h/u + (-12024)/(-63)?
9
Suppose 2*l = -4*h - 60, -5*h = -0*h - 5*l + 60. What is the hundreds digit of ((-21)/h)/(-2 - 4413/(-2202))?
3
Let p(s) = s**2 + 9*s + 4. Let v be p(-8). Let b be 3 + v - (1 + -2). Suppose 5*l + 4*j - 555 = b, -3*l + 3*j = -0*j - 360. What is the hundreds digit of l?
1
Let w be (-6)/15 - (-5892)/30. Let y = w + -130. What is the units digit of y?
6
What is the units digit of 15 + 4001069/119 - 1*3/7?
7
Suppose 46*z - 33*z = 25*z - 156324. What is the ten thousands digit of z?
1
Suppose 4*o - 1270 = -v + 33323, 6 = -2*v. Suppose -17*r + 13995 = -o. What is the hundreds digit of r?
3
Let t(g) = -1. Let l(o) = -620*o + 85. Let q(n) = l(n) + 4*t(n). What is the tens digit of q(-2)?
2
Suppose -3*k + 315 = -24*k. Let w(l) = -l**2 - 15*l + 10. Let p be w(k). What is the tens digit of (-4)/2*(p + -16)?
1
Let w(r) = -6*r + 110. Let x be w(20). Let j(q) = 9*q**2 - 18*q - 27. Let a(k) = 5*k**2 - 9*k - 14. Let c(p) = 11*a(p) - 6*j(p). What is the tens digit of c(x)?
1
Let l(w) = -w**3 + 39*w**2 + 65*w - 14. What is the thousands digit of l(25)?
0
Let x be 23/92 + (-2838)/(-8). Suppose -l + 237 = -x. What is the hundreds digit of l?
5
Let x = 398 + -399. What is the hundreds digit of (122*x)/(38/(-209))?
6
Suppose v - 14 = 4. Let r be (-1)/(-3) + 155/3. Suppose 0 = -2*l - 4*w - 0*w + r, 0 = -l + 2*w + v. What is the tens digit of l?
2
Let a = -1788 + 15826. What is the tens digit of a?
3
Let p = 6114 + -519. Suppose -2*d + 2231 = 5*m, -d - p = -6*d + 5*m. What is the thousands digit of d?
1
Let i = 354 + -358. What is the thousands digit of (-10)/i*95858/205?
1
Suppose -m + 3*m = -5*j - 12, -5*m = -5*j - 40. What is the units digit of (5014/161)/(j/(-14))?
9
Suppose -52*p = -117*p + 52*p + 123539. What is the thousands digit of p?
9
Suppose -2*c = -5*v + 9795, 5*c - 3 = -28. What is the tens digit of v?
5
Let g = -78 + 170. Suppose 0 = -o + g + 55. What is the hundreds digit of o?
1
Let i = -1709 + 7613. What is the thousands digit of i?
5
Let a(m) = 435*m - 946. What is the tens digit of a(22)?
2
Let v(o) = 103*o**2 - 10*o + 1. Let r be v(1). Suppose -58*w + r*w - 47160 = 0. What is the tens digit of w?
1
What is the tens digit of 6/18 + 491663/57?
2
Suppose 2*f = -0*f + 72. Let d = 26 - f. Let n = 13 - d. What is the units digit of n?
3
Let k be 40/(-12) - (-10)/(-6). Let p(n) = -108*n - 47. What is the tens digit of p(k)?
9
Let k be -6 + (0 - -5) - -3. Suppose -k*s + 5*d = -502 - 264, -s - d + 376 = 0. What is the hundreds digit of s?
3
Suppose 112*a = -103*a - 162*a + 4084041. What is the tens digit of a?
3
Let p(w) = 42 + 40 + w**2 - 78 + 9*w. Let r be p(-9). Suppose -2*a = 5*n - 190, r*n = 9*n + a - 190. What is the units digit of n?
8
Suppose -34*j - 29*j = -49*j - 260120. What is the thousands digit of j?
8
Let h = 19002 - 4092. What is the hundreds digit of h?
9
What is the thousands digit of ((-224)/(-48) - 5)*-31536?
0
Let u(i) = i**2 - 6*i - 22. Suppose 2*k - 3*y + 9 = 0, 8*k - y + 3 = 4*k. Suppose 6*x - 73 - 5 = k. What is the tens digit of u(x)?
6
Let b(f) be the third derivative of -f**4/4 - 11*f**3/2 + 3*f**2. Suppose 0 = -v - v, 85 = -5*t - 4*v. What is the tens digit of b(t)?
6
Let s(n) = -n**3 - n**2. Let r be s(-2). Suppose -4*z = 5*p - 2683, 0 = -4*p - r*z + 651 + 1497. What is the hundreds digit of p?
5
Let v = 0 + 7. Suppose -135 = 5*a + 5*u, a - 2*u + v*u = -47. Let t = a + 92. What is the units digit of t?
0
Suppose -3*k = 2*k - 25. Suppose -25 = -k*x + 3*o, 4*x = -0*o + 3*o + 23. Suppose -292 - 148 = -5*p + 5*d, 0 = -5*p + x*d + 446. What is the tens digit of p?
9
Let h(g) = g + 23. Let x = 96 + -72. Suppose 5*p = 2*y - 0*y + 58, x = 4*p + 4*y. What is the units digit of h(p)?
3
Suppose -26781 = -14*s - 8987. Suppose -5*v + 4209 + s = 0. What is the units digit of v?
6
Suppose -5*y - 114 = -34. Let s be -1 + (y/10 - (-14)/(-35)). What is the tens digit of (((-540)/(-25))/s)/((-6)/80)?
9
Suppose -6*q + 472 = -2. Suppose 0 = f + 3*z + 44, -5*f - 4*z - 48 - 205 = 0. Let r = q - f. What is the hundreds digit of r?
1
Let f = -125 + 289. Suppose 159*d = f*d - 405. What is the tens digit of d?
8
Suppose -122*r = -5*r - 23747 - 975784. What is the thousands digit of r?
8
Let v be 2/8 - 0 - (-405)/(-36). Let y be -60 + (0 + 1)/(-1). Let i = v - y. What is the tens digit of i?
5
Suppose 129*k - 5281550 = 1419742. What is the thousands digit of k?
1
Let d(l) = 2540*l + 8859. What is the ten thousands digit of d(22)?
6
Let p(n) = 271*n**3 + n**2 - 2*n - 3. Let k be p(-1). Let l = -223 - k. What is the units digit of l?
8
Suppose 36656 = 10*j + 13616. Let v = j + -718. What is the hundreds digit of v?
5
Let i(j) = j**3 + 18*j**2 - 18*j + 20. Let g be i(-19). What is the tens digit of ((-60)/35)/(g/497*-2)?
2
Suppose -x = 4*x - 15, 0 = -5*w - 3*x - 616. Let p = 131 + w. Suppose 2*a + p*j - 488 = 3*j, 4*j = 5*a - 1243. What is the tens digit of a?
4
Let x(d) = 19*d**2 + d + 1. Let r be x(1). Suppose -6*w = -9 - r. Suppose -a + 7 = w*b - 9, 5*a + 1 = 2*b. What is the units digit of a?
1
Let q(k) = 306*k. Let w be q(-1). Let f be (-129)/(((-444)/(-40))/37). Let l = w - f. What is the tens digit of l?
2
Let r(b) = 79*b - 11. Let v(w) = 0 - w**2 + 35 + 27*w - 7 + 2*w**2. Let p be v(-26). What is the hundreds digit of r(p)?
1
Suppose 11*a - 9 = 8*a. Suppose -t + a*t - 760 = 0. Suppose y = -4*q + t, -4*y - 61 - 147 = -2*q. What is the tens digit of q?
9
Suppose 6*n + 47 - 89 = 0. Suppose -2*r + 12 = 4*h, -2*h - 4*r = 1 - n. Suppose -2*b + 21 = -5*y, 45 = b + b + h*y